{"id":1268,"date":"2021-09-16T13:41:38","date_gmt":"2021-09-16T13:41:38","guid":{"rendered":"https:\/\/iranytufejlesztohaz.hu\/?page_id=1268"},"modified":"2021-09-25T16:00:51","modified_gmt":"2021-09-25T16:00:51","slug":"alapozo-terapia","status":"publish","type":"page","link":"https:\/\/iranytufejlesztohaz.hu\/?page_id=1268","title":{"rendered":"Alapoz\u00f3 ter\u00e1pia"},"content":{"rendered":"\n<div class=\"wp-block-ive-ibtana-visual-editorheading\"><div class=\"ive-advanced-text-wrap ive-div-advance-text_17746f-8d undefined text-start text-md-center text-lg-start text-xl-start\"><h2 class=\"ive-heading-parent undefined ive-advanced-text-inner-wrap ive-adv-advance-text_17746f-8d ive-lh-xs-20 ive-lh-sm-20 ive-lh-md-30 ive-lh-lg-30 ive-lh-xl-30\" id=\"ive-adv-advance-text_17746f-8d\"><br><strong>Mi az Alapoz\u00f3 Ter\u00e1pia?<\/strong><br>Az Alapoz\u00f3 Ter\u00e1pia a gyermeki idegrendszer komplex, mozg\u00e1sos fejleszt\u00e9se, melynek sor\u00e1n a gyermekekn\u00e9l \u00fajraind\u00edtjuk az emberi fejl\u0151d\u00e9stani mozg\u00e1ssorozatot, mintegy m\u00e9g egyszer &#8222;bel\u00f6kve&#8221; az agy fejl\u0151d\u00e9sbeli lehet\u0151s\u00e9g\u00e9t. A ter\u00e1pia sor\u00e1n v\u00e9gigvezetj\u00fck a gyermeket a mozg\u00e1sfejl\u0151d\u00e9s \u00e1llom\u00e1sain: fejemel\u00e9s, gurul\u00e1s, k\u00fasz\u00e1s, m\u00e1sz\u00e1s, fel\u00fcl\u00e9s, j\u00e1r\u00e1s, \u00e9s fokozatosan haladunk az \u00f6sszetettebb mozg\u00e1smint\u00e1k fel\u00e9. A gyakorlatok \u00e1ltal kiv\u00e1ltott ingerekkel seg\u00edtj\u00fck az idegrendszeri \u00e9r\u00e9st. A fejl\u0151d\u00e9stani nagymozg\u00e1sok mellett fejlesztj\u00fck a rugalmass\u00e1got, az egyens\u00falyt, a koordin\u00e1ci\u00f3t, \u00e9s j\u00e1t\u00e9kos form\u00e1ban a k\u00fcl\u00f6nb\u00f6z\u0151 kognit\u00edv funkci\u00f3kat (eml\u00e9kezet, figyelem).<br>A mozg\u00e1sfejleszt\u0151 gyakorlatokkal meger\u0151s\u00edtj\u00fck a k\u00e9t agyf\u00e9ltek\u00e9t \u00f6sszek\u00f6t\u0151 idegrendszeri p\u00e1ly\u00e1kat, illetve olyan \u00faj kapcsolatokat \u00e9p\u00edt\u00fcnk ki, melyek \u00e1ltal hatunk az emberi agy besz\u00e9d\u00e9rt felel\u0151s ter\u00fcleteire is, \u00edgy javul a besz\u00e9d, a figyelem \u00e9s koncentr\u00e1ci\u00f3, \u00fcgyesedik a mozg\u00e1s.<br><br><strong>Kinek aj\u00e1nljuk?<\/strong> &#8211; Els\u0151sorban azoknak az <strong>5-12 \u00e9ves kor\u00fa gyermekeknek<\/strong>, akikre jellemz\u0151ek az al\u00e1bbiak:<br>* megk\u00e9sett, ill. akad\u00e1lyozott besz\u00e9dfejl\u0151d\u00e9s,<br>* nehezen fejezi ki mag\u00e1t,<br>* valamilyen mozg\u00e1s\u00fcgyetlens\u00e9g \u00e1ll fenn (nem tud ugr\u00e1lni, nem tud gombolni, nem sz\u00edvesen rajzol),<br>* kialakulatlan a k\u00e9zdominancia ( felv\u00e1ltva haszn\u00e1lja a jobb \u00e9s bal kez\u00e9t),<br>* figyelmetlen, nyughatatlan, nem tud figyelni, gyakran visszak\u00e9rdez,<br>* \u00edr\u00e1s-, olvas\u00e1si neh\u00e9zs\u00e9gei vannak az iskol\u00e1ban.<br><br><strong>Az Alapoz\u00f3 torna fejleszti:<\/strong><br>* a szem-k\u00e9z \/ szem-l\u00e1b koordin\u00e1ci\u00f3t,<br>* a rugalmass\u00e1got,<br>* az egyens\u00falyt,<br>* a figyelmet, a koncentr\u00e1ci\u00f3t, az eml\u00e9kezetet, a feladattudatot,<br>* a testk\u00f6z\u00e9pvonal \u00e1tl\u00e9p\u00e9s\u00e9t,<br>* a szerialit\u00e1st (a sorbarendez\u00e9s k\u00e9pess\u00e9g\u00e9t),<br>* a ritmus\u00e9rz\u00e9ket,<br>* a t\u00e9rbeli \u00e9s id\u0151beli t\u00e1j\u00e9koz\u00f3d\u00e1st.<br><br>Az Alapoz\u00f3 torna <strong>minimum egy tan\u00e9ven \u00e1t\u00edvel\u0151 ter\u00e1pi\u00e1s folyamat<\/strong>, melynek sor\u00e1n a terapeuta \u00e9s a sz\u00fcl\u0151 szoros egy\u00fcttm\u0171k\u00f6d\u00e9s\u00e9re van sz\u00fcks\u00e9g! A fejleszt\u00e9st ill. ter\u00e1pi\u00e1t egy r\u00e9szletes vizsg\u00e1lat el\u0151zi meg, a terapeuta ennek eredm\u00e9nye alapj\u00e1n aj\u00e1nlja meg a fejleszt\u00e9si lehet\u0151s\u00e9geket.<br><br><\/h2><\/div><\/div>\n","protected":false},"excerpt":{"rendered":"","protected":false},"author":1,"featured_media":0,"parent":0,"menu_order":0,"comment_status":"closed","ping_status":"closed","template":"","meta":{"_regular_price":[],"currency_symbol":[],"footnotes":""},"class_list":["post-1268","page","type-page","status-publish","hentry"],"post_slider_layout_featured_media_urls":{"thumbnail":"","post_slider_layout_landscape_large":"","post_slider_layout_portrait_large":"","post_slider_layout_square_large":"","post_slider_layout_landscape":"","post_slider_layout_portrait":"","post_slider_layout_square":"","full":""},"_links":{"self":[{"href":"https:\/\/iranytufejlesztohaz.hu\/index.php?rest_route=\/wp\/v2\/pages\/1268","targetHints":{"allow":["GET"]}}],"collection":[{"href":"https:\/\/iranytufejlesztohaz.hu\/index.php?rest_route=\/wp\/v2\/pages"}],"about":[{"href":"https:\/\/iranytufejlesztohaz.hu\/index.php?rest_route=\/wp\/v2\/types\/page"}],"author":[{"embeddable":true,"href":"https:\/\/iranytufejlesztohaz.hu\/index.php?rest_route=\/wp\/v2\/users\/1"}],"replies":[{"embeddable":true,"href":"https:\/\/iranytufejlesztohaz.hu\/index.php?rest_route=%2Fwp%2Fv2%2Fcomments&post=1268"}],"version-history":[{"count":16,"href":"https:\/\/iranytufejlesztohaz.hu\/index.php?rest_route=\/wp\/v2\/pages\/1268\/revisions"}],"predecessor-version":[{"id":1850,"href":"https:\/\/iranytufejlesztohaz.hu\/index.php?rest_route=\/wp\/v2\/pages\/1268\/revisions\/1850"}],"wp:attachment":[{"href":"https:\/\/iranytufejlesztohaz.hu\/index.php?rest_route=%2Fwp%2Fv2%2Fmedia&parent=1268"}],"curies":[{"name":"wp","href":"https:\/\/api.w.org\/{rel}","templated":true}]}}